mainder when v is divided by 12?
11
Let p be (-6)/(3/(4 - -2)). Suppose 2 = -4*g - 2, -5*b = 4*g - 11. What is the remainder when 2/((3*-1)/p) is divided by b?
2
Let y = 0 - -3. Suppose -19 = y*d + 4*t + 3, -5*t = 2*d + 17. Calculate the remainder when 41/2 - 3/d is divided by 8.
5
Suppose 3*x + 8 = x, -4*c + 40 = -5*x. Let y(b) = -2*b + 0*b + 3*b - 1. Calculate the remainder when 10 is divided by y(c).
2
Let m(d) = 20*d**3 + d**2 - d. What is the remainder when 36 is divided by m(1)?
16
Let t(g) = g**3 - 7*g**2 + 5*g + 7. Let x be t(6). Let p = -8 + 15. What is the remainder when 77/3 + x/3 is divided by p?
5
Suppose -b + 0 = 4, 5*w - 4*b = 36. Suppose -20 = -w*i - 0. Calculate the remainder when 17 is divided by i.
2
Let j(t) = 5 + 1 + 2 + t. Let v = 68 + -46. What is the remainder when v is divided by j(0)?
6
Suppose -5*m = -4*i - 24 + 107, 32 = i + m. Suppose 3*x = 3 + 39. What is the remainder when i is divided by x?
13
Suppose 0*q - q = -19. Suppose -5*y + q = 5*d - y, -d + 4 = y. Suppose -1 = 2*s - 3*s. Calculate the remainder when d is divided by s.
0
Suppose 0*a + 228 = 6*a. What is the remainder when 74 is divided by a?
36
Suppose d + 6*d - 364 = 0. Calculate the remainder when d is divided by 18.
16
Suppose 5*r - 64 = 101. What is the remainder when r is divided by 2/(-18) - (-3097)/171?
15
Suppose 0*n + 2*n = 100. What is the remainder when n is divided by 14?
8
Let j(f) = -f**2 + 8*f - 7. Let m be j(6). Suppose -3*x - 130 = -5*i, m*i - 4*x = -2*x + 125. Let y = -34 - -47. What is the remainder when i is divided by y?
10
Let w = 73 + -52. What is the remainder when w is divided by 6?
3
What is the remainder when 69 is divided by 485/20 - (-2)/(-8)?
21
Let n = -309 - -210. Calculate the remainder when ((-8)/12)/(1/n) is divided by 17.
15
Let w = 59 + -26. Calculate the remainder when 96 is divided by w.
30
Let i be (6/(-5))/(10/(-25)). Let r be (i/2)/(3/18). Calculate the remainder when (-472)/(-18) - 2/r is divided by 14.
12
Let s(y) = -3*y - 9*y - 1 + 3*y. Let m be s(-2). What is the remainder when 2 + -2 + 2*m is divided by 12?
10
Let u be 4/6 + 14/6. Suppose 26 = u*s - s. What is the remainder when s is divided by 6/(-15) + (-111)/(-15)?
6
Suppose -3*b + 6 = -2*l - 23, -l = -2*b + 18. What is the remainder when 9 is divided by b?
2
Suppose -u + 2 = v, -4*v - 3*u + 11 = -2*u. Suppose 4*j - 31 = -5*h, 11*j - 11 = 12*j - 5*h. Calculate the remainder when j is divided by v.
1
Suppose -20 = -v - 3*v, -4*t - 10 = -2*v. Suppose 5*m = -t*m + 40. What is the remainder when 15 is divided by m?
7
Suppose -4 = -h + 3. Suppose -m + 8 = -h. Calculate the remainder when m is divided by 8.
7
Suppose z + 5 = 4*s - 0*s, -7 = -2*s + 5*z. Suppose s = -g + 4. What is the remainder when 8 is divided by g?
2
Let s = -2 - -22. Let v = s - 12. Calculate the remainder when v is divided by 5.
3
Suppose -22*r + 18*r + 176 = 0. Calculate the remainder when 128 is divided by r.
40
Let v(k) = 9*k. Calculate the remainder when 70 is divided by v(2).
16
Let p = -356 + -84. Calculate the remainder when (-2)/(-9) + p/(-45) is divided by 6.
4
Suppose 0 = -2*l + 144 + 38. What is the remainder when l is divided by 48?
43
Let m be -1 - 2 - (-1 - 66). Suppose 2*d + 3*p - m = 0, 0 = 5*p - 3*p - 4. What is the remainder when d is divided by 10?
9
Suppose -q = 3*d - 107, 2*d + 206 = 2*q + 24. Calculate the remainder when q is divided by 32.
31
Suppose -88 = q - 3*q. Calculate the remainder when q is divided by (-4)/8*(-30)/1.
14
Let f(b) = 2*b**3 - 3*b + 2. Let l be f(2). Let d = l - 3. Calculate the remainder when d is divided by 5.
4
Suppose 3*l = -34 + 115. Let n = l + -14. Suppose 0 = 3*q - 12 + 3, -3*q + 2 = -r. Calculate the remainder when n is divided by r.
6
Let n = -16 - -14. Let m(r) = -r**3. What is the remainder when m(n) is divided by 3?
2
Suppose -4*c + 5*z = -7*c + 81, 81 = 3*c - 5*z. Suppose -2 = -w - 2*j + 15, -4*w = -4*j - 56. What is the remainder when c is divided by w?
12
Suppose -8*b + 544 = -4*b. Calculate the remainder when b is divided by 23.
21
Let o(g) = -g**3 + 4*g**2 + 2*g + 4. Calculate the remainder when 71 is divided by o(3).
14
Let w be 3/4*2*6. Suppose 3 = 2*b - w. Let h = 29 - b. What is the remainder when h is divided by 8?
7
Suppose -22*x - 2080 = -32*x. What is the remainder when x is divided by 30?
28
Let z = 20 - 10. Suppose -5*k = -z*k. Suppose -c = 3*m - 22, -c + 3*c - 4*m - 74 = k. What is the remainder when c is divided by 11?
9
Let w = 3 + -2. Let r be (w + (-37)/7)*-7. Suppose -3*y + r = -0*y. What is the remainder when 18 is divided by y?
8
Let h(d) = -2 + 0*d + d + d**2 + 5. Let i be h(-4). Let c = i - -7. What is the remainder when c is divided by 12?
10
What is the remainder when 8 is divided by -6*(10/(-4) - -2)?
2
Let j(g) = -g**2 + 8*g + 8. What is the remainder when 28 is divided by j(7)?
13
Suppose -3*r + 9 = -3*k - 3, k - 16 = -4*r. Suppose 5*i - 7*i + 16 = k. What is the remainder when i is divided by 3?
2
What is the remainder when (-6)/9 + 71/3 is divided by 5?
3
Suppose 0 = -5*u - 7*h + 2*h + 40, -4*h + 14 = 2*u. Calculate the remainder when 26 is divided by u.
8
Suppose -2*r + 6*r - 76 = 0. What is the remainder when 37 is divided by r?
18
Let q(d) = d**2 - 5*d - 1. What is the remainder when 37 is divided by q(7)?
11
What is the remainder when 87 is divided by 1/((-2)/(-6))*11/3?
10
Suppose 0 = 3*f + 3*k + 11 - 2, -15 = 3*f + 5*k. Suppose 7*y - 4*y - 51 = f. What is the remainder when y is divided by 6?
5
Let m(x) = x**2 + 3*x + 4. Let o(p) = -3*p - 3. Suppose -2*g = -7*g + 20, -5*a = 2*g + 22. What is the remainder when o(a) is divided by m(-3)?
3
What is the remainder when 10/(3 - 1)*1 is divided by (3*4/4)/1?
2
Let p be 6/(-15) - 27/(-5). Suppose 55 = p*g + 5*c, 4 + 4 = g + 4*c. What is the remainder when 33 is divided by g?
9
Let g(y) = y**2 - 2*y + 2. Suppose -2*v - 4 = -2. Calculate the remainder when -2 + v + (34 - -1) is divided by g(-3).
15
Let n be 3*2/18*0. Suppose -5*z + 2*z - 3*f + 45 = 0, -5*z + 5*f + 95 = n. What is the remainder when 50 is divided by z?
16
Suppose 3*d - 26 - 25 = 0. Let h = d - 6. Calculate the remainder when 32 is divided by h.
10
Let v = 18 - 13. Suppose 0 = -t + 2*s - 6, -31 = -4*t - 0*t - 3*s. Suppose -b = t - v. What is the remainder when b is divided by 1?
0
Suppose -x + 106 = x. What is the remainder when x is divided by 27?
26
Let o(a) = -a**2 - a + 10. Let k be o(0). Suppose 0 = 5*w - 10 - k. Let r = w - 1. What is the remainder when 7 is divided by r?
1
Let q be 0/7 + 3*26. Suppose 0 = 2*w - 24 - q. Suppose 3*z = 3*i + w, -2*i + 34 = -0*z + 2*z. What is the remainder when 50 is divided by z?
16
Suppose -y = 2*n - 26 - 2, 2*y + 52 = 5*n. Suppose 0 = -0*o + 4*o - n. Let z = 14 + -7. What is the remainder when z is divided by o?
1
Let r be 4/10 - 16/(-10). What is the remainder when 69*(5/(-3) + r) is divided by 12?
11
Let p = -12 + 14. Suppose -p*c - 2 = -34. Calculate the remainder when 29 is divided by c.
13
Let m(p) = 3*p - p**2 - 2 + 5*p**2 - 2*p**2 + 5. Calculate the remainder when 23 is divided by m(-3).
11
Suppose 3*k - 145 = -2*k. Suppose 4*x - 67 - k = 0. Calculate the remainder when x is divided by 13.
11
Let j = 0 - -3. Suppose 0 = -4*v + 13 + 3. What is the remainder when v is divided by j?
1
Let r = -11 + 14. Suppose r*f - 12 = 15. Calculate the remainder when 35 is divided by f.
8
Let u(r) = 3*r - 1 + 1 - 1 - 6. Calculate the remainder when 40 is divided by u(7).
12
Let l = -1 - -10. Suppose -5*u - 5 = -0. Calculate the remainder when (u + 51)*(-2)/(-4) is divided by l.
7
Let b(y) = y**2 + 6*y - 9. Let g be 24/(-9) - 2/6. Let p(v) = v**2 + 5*v - 8. Let o(s) = g*p(s) + 4*b(s). Calculate the remainder when o(-11) is divided by 4.
2
Let l(j) = -j**2 + 5*j - 1. Let y = 5 - 1. Calculate the remainder when 4*(0 + (-20)/(-16)) is divided by l(y).
2
Let m = -28 - -19. Let r be ((-2)/(-4))/(3/108). Let s = m + r. Calculate the remainder when s is divided by 6.
3
Let u = -86 - -130. Calculate the remainder when 130 is divided by u.
42
Let p(b) = b + 9. Let s be p(-6). Let h be s*3/18*2. Suppose 3*y + 13 = -0*g + 5*g, y - g + h = 0. What is the remainder when 7 is divided by y?
3
Let y(m) = m**2 + 2*m + 11. Calculate the remainder when y(-8) is divided by 21.
1